{"id":12379,"date":"2016-10-12T14:43:16","date_gmt":"2016-10-12T14:43:16","guid":{"rendered":"http:\/\/inceptum.de\/dvl\/?page_id=12379"},"modified":"2016-10-12T14:43:16","modified_gmt":"2016-10-12T14:43:16","slug":"recruiting","status":"publish","type":"page","link":"https:\/\/inceptum.de\/dvl\/loesungen\/personalwesen\/recruiting\/","title":{"rendered":"Recruiting"},"content":{"rendered":"<div class=\"fusion-fullwidth fullwidth-box fusion-fullwidth-1  fusion-parallax-none nonhundred-percent-fullwidth\" style=\"border-color:#eae9e9;border-bottom-width: 0px;border-top-width: 0px;border-bottom-style: solid;border-top-style: solid;padding-bottom:20px;padding-top:20px;padding-left:0px;padding-right:0px;\"><style type=\"text\/css\" scoped=\"scoped\">.fusion-fullwidth-1 {\n                            padding-left: 0px !important;\n                            padding-right: 0px !important;\n                        }<\/style><div class=\"fusion-row\"><h2 class=\"margin-20\">Finden Sie die richtigen Mitarbeiter.<br \/>\nSchnell, interaktiv, erfolgreich<\/h2>\n<ul class=\"bullet\">\n<li><strong>Verbessern Sie Ihr Teamwork<\/strong>: zwischen HR und den Fachabteilungen beim Sichten, Bewerten und Einstellen von Bewerbern.<\/li>\n<li><strong>Mehr \u00dcbersicht und Transparenz<\/strong>: Ihre Auswahl- und Bewertungsprozesse vollziehen sich transparent im Web. Jeder Beteiligte kann jederzeit den aktuellen Status seiner Bewerber einsehen.<\/li>\n<li><strong>Wenig manueller Aufwand<\/strong>: Statt Bewerberdaten manuell einzugeben, \u00fcbernehmen Sie Bewerberinformationen einfach automatisiert.<\/li>\n<li>Treffen Sie <strong>z\u00fcgige Auswahlentscheidungen<\/strong> und besetzen Sie Ihre Stellen schneller.<\/li>\n<li><strong>Nur ein System<\/strong>: Von der Stellenausschreibung mit definierten Stellen- und Profilanforderungen bis zur Einstellung des Mitarbeiters laufen Ihre Recruiting-Prozesse in einem System automatisiert und ohne Medienbr\u00fcche ab.<\/li>\n<li><strong>Anwenderorientierte Programmsichten<\/strong>: Verk\u00fcrzen Sie den Zeitaufwand f\u00fcr Ihre F\u00fchrungskr\u00e4fte bei der Bewerberauswahl. In nur 3 Schritten werden diese durch das Sichten und Bewerten der Kandidaten gef\u00fchrt. Als Personalprofi erhalten Sie dagegen eine detaillierte \u00dcbersicht in der elektronischen Bewerberakte.<\/li>\n<li><strong>Individuell wie Sie<\/strong>: Mit den bereits hinterlegten Standardprozessen k\u00f6nnen Sie sofort mit der Anwendung starten. F\u00fcr mehr Individualit\u00e4t lassen sich Ihre eigenen Bewerberprozesse einfach abbilden.<\/li>\n<li><strong>Einfach einstellen und gute Kandidaten binden<\/strong>: Sie haben sich f\u00fcr einen Kandidaten entschieden und der Kandidat f\u00fcr Sie \u2013 prima. Durch die automatische \u00dcbernahme der Bewerberdaten in den Arbeitnehmerstamm, k\u00f6nnen Sie ihn auch in Sage HR m\u00fchelos einstellen. Gute Kandidaten, die Sie f\u00fcr sp\u00e4tere Vakanzen ber\u00fccksichtigen wollen, \u00fcbergeben Sie einfach in den Bewerber- und Talentpool.<\/li>\n<\/ul>\n<\/div><\/div><p><img loading=\"lazy\" class=\"aligncenter wp-image-12356 size-full\" src=\"http:\/\/inceptum.de\/dvl\/wp-content\/uploads\/2015\/11\/recruiting.png\" alt=\"Sage_Recruiting\" width=\"788\" height=\"432\" srcset=\"https:\/\/inceptum.de\/dvl\/wp-content\/uploads\/2015\/11\/recruiting.png 788w, https:\/\/inceptum.de\/dvl\/wp-content\/uploads\/2015\/11\/recruiting-300x164.png 300w, https:\/\/inceptum.de\/dvl\/wp-content\/uploads\/2015\/11\/recruiting-768x421.png 768w\" sizes=\"(max-width: 788px) 100vw, 788px\" \/><\/p>\n\n","protected":false},"excerpt":{"rendered":"","protected":false},"author":8,"featured_media":0,"parent":12135,"menu_order":0,"comment_status":"closed","ping_status":"closed","template":"","meta":[],"yoast_head":"<!-- This site is optimized with the Yoast SEO plugin v15.9 - https:\/\/yoast.com\/wordpress\/plugins\/seo\/ -->\n<title>Recruiting - Inceptum DV-L\u00f6sungen GmbH<\/title>\n<meta name=\"robots\" content=\"index, follow, max-snippet:-1, max-image-preview:large, max-video-preview:-1\" \/>\n<link rel=\"canonical\" href=\"https:\/\/inceptum.de\/dvl\/loesungen\/personalwesen\/recruiting\/\" \/>\n<meta property=\"og:locale\" content=\"de_DE\" \/>\n<meta property=\"og:type\" content=\"article\" \/>\n<meta property=\"og:title\" content=\"Recruiting - Inceptum DV-L\u00f6sungen GmbH\" \/>\n<meta property=\"og:url\" content=\"https:\/\/inceptum.de\/dvl\/loesungen\/personalwesen\/recruiting\/\" \/>\n<meta property=\"og:site_name\" content=\"Inceptum DV-L\u00f6sungen GmbH\" \/>\n<meta property=\"og:image\" content=\"http:\/\/inceptum.de\/dvl\/wp-content\/uploads\/2015\/11\/recruiting.png\" \/>\n<meta name=\"twitter:card\" content=\"summary\" \/>\n<meta name=\"twitter:label1\" content=\"Gesch\u00e4tzte Lesezeit\">\n\t<meta name=\"twitter:data1\" content=\"2\u00a0Minuten\">\n<script type=\"application\/ld+json\" class=\"yoast-schema-graph\">{\"@context\":\"https:\/\/schema.org\",\"@graph\":[{\"@type\":\"Organization\",\"@id\":\"https:\/\/inceptum.de\/dvl\/#organization\",\"name\":\"Inceptum DV-L\\u00f6sungen GmbH\",\"url\":\"https:\/\/inceptum.de\/dvl\/\",\"sameAs\":[],\"logo\":{\"@type\":\"ImageObject\",\"@id\":\"https:\/\/inceptum.de\/dvl\/#logo\",\"inLanguage\":\"de\",\"url\":\"https:\/\/inceptum.de\/dvl\/wp-content\/uploads\/2015\/09\/Logo_blau.png\",\"width\":2897,\"height\":781,\"caption\":\"Inceptum DV-L\\u00f6sungen GmbH\"},\"image\":{\"@id\":\"https:\/\/inceptum.de\/dvl\/#logo\"}},{\"@type\":\"WebSite\",\"@id\":\"https:\/\/inceptum.de\/dvl\/#website\",\"url\":\"https:\/\/inceptum.de\/dvl\/\",\"name\":\"Inceptum DV-L\\u00f6sungen GmbH\",\"description\":\"Kaufm\\u00e4nnische Softwarel\\u00f6sungen f\\u00fcr den Mittelstand\",\"publisher\":{\"@id\":\"https:\/\/inceptum.de\/dvl\/#organization\"},\"potentialAction\":[{\"@type\":\"SearchAction\",\"target\":\"https:\/\/inceptum.de\/dvl\/?s={search_term_string}\",\"query-input\":\"required name=search_term_string\"}],\"inLanguage\":\"de\"},{\"@type\":\"ImageObject\",\"@id\":\"https:\/\/inceptum.de\/dvl\/loesungen\/personalwesen\/recruiting\/#primaryimage\",\"inLanguage\":\"de\",\"url\":\"http:\/\/inceptum.de\/dvl\/wp-content\/uploads\/2015\/11\/recruiting.png\"},{\"@type\":\"WebPage\",\"@id\":\"https:\/\/inceptum.de\/dvl\/loesungen\/personalwesen\/recruiting\/#webpage\",\"url\":\"https:\/\/inceptum.de\/dvl\/loesungen\/personalwesen\/recruiting\/\",\"name\":\"Recruiting - Inceptum DV-L\\u00f6sungen GmbH\",\"isPartOf\":{\"@id\":\"https:\/\/inceptum.de\/dvl\/#website\"},\"primaryImageOfPage\":{\"@id\":\"https:\/\/inceptum.de\/dvl\/loesungen\/personalwesen\/recruiting\/#primaryimage\"},\"datePublished\":\"2016-10-12T14:43:16+00:00\",\"dateModified\":\"2016-10-12T14:43:16+00:00\",\"breadcrumb\":{\"@id\":\"https:\/\/inceptum.de\/dvl\/loesungen\/personalwesen\/recruiting\/#breadcrumb\"},\"inLanguage\":\"de\",\"potentialAction\":[{\"@type\":\"ReadAction\",\"target\":[\"https:\/\/inceptum.de\/dvl\/loesungen\/personalwesen\/recruiting\/\"]}]},{\"@type\":\"BreadcrumbList\",\"@id\":\"https:\/\/inceptum.de\/dvl\/loesungen\/personalwesen\/recruiting\/#breadcrumb\",\"itemListElement\":[{\"@type\":\"ListItem\",\"position\":1,\"item\":{\"@type\":\"WebPage\",\"@id\":\"https:\/\/inceptum.de\/dvl\/\",\"url\":\"https:\/\/inceptum.de\/dvl\/\",\"name\":\"Home\"}},{\"@type\":\"ListItem\",\"position\":2,\"item\":{\"@type\":\"WebPage\",\"@id\":\"https:\/\/inceptum.de\/dvl\/loesungen\/\",\"url\":\"https:\/\/inceptum.de\/dvl\/loesungen\/\",\"name\":\"L\\u00f6sungen\"}},{\"@type\":\"ListItem\",\"position\":3,\"item\":{\"@type\":\"WebPage\",\"@id\":\"https:\/\/inceptum.de\/dvl\/loesungen\/personalwesen\/\",\"url\":\"https:\/\/inceptum.de\/dvl\/loesungen\/personalwesen\/\",\"name\":\"Personalwesen\"}},{\"@type\":\"ListItem\",\"position\":4,\"item\":{\"@type\":\"WebPage\",\"@id\":\"https:\/\/inceptum.de\/dvl\/loesungen\/personalwesen\/recruiting\/\",\"url\":\"https:\/\/inceptum.de\/dvl\/loesungen\/personalwesen\/recruiting\/\",\"name\":\"Recruiting\"}}]}]}<\/script>\n<!-- \/ Yoast SEO plugin. -->","_links":{"self":[{"href":"https:\/\/inceptum.de\/dvl\/wp-json\/wp\/v2\/pages\/12379"}],"collection":[{"href":"https:\/\/inceptum.de\/dvl\/wp-json\/wp\/v2\/pages"}],"about":[{"href":"https:\/\/inceptum.de\/dvl\/wp-json\/wp\/v2\/types\/page"}],"author":[{"embeddable":true,"href":"https:\/\/inceptum.de\/dvl\/wp-json\/wp\/v2\/users\/8"}],"replies":[{"embeddable":true,"href":"https:\/\/inceptum.de\/dvl\/wp-json\/wp\/v2\/comments?post=12379"}],"version-history":[{"count":1,"href":"https:\/\/inceptum.de\/dvl\/wp-json\/wp\/v2\/pages\/12379\/revisions"}],"predecessor-version":[{"id":12380,"href":"https:\/\/inceptum.de\/dvl\/wp-json\/wp\/v2\/pages\/12379\/revisions\/12380"}],"up":[{"embeddable":true,"href":"https:\/\/inceptum.de\/dvl\/wp-json\/wp\/v2\/pages\/12135"}],"wp:attachment":[{"href":"https:\/\/inceptum.de\/dvl\/wp-json\/wp\/v2\/media?parent=12379"}],"curies":[{"name":"wp","href":"https:\/\/api.w.org\/{rel}","templated":true}]}}