{"id":12184,"date":"2015-11-04T13:33:28","date_gmt":"2015-11-04T13:33:28","guid":{"rendered":"http:\/\/inceptum.de\/dvl\/?page_id=12184"},"modified":"2015-11-04T13:33:28","modified_gmt":"2015-11-04T13:33:28","slug":"warenwirtschaft","status":"publish","type":"page","link":"https:\/\/inceptum.de\/dvl\/loesungen\/erp\/inceptum-wms\/warenwirtschaft\/","title":{"rendered":"Warenwirtschaft"},"content":{"rendered":"<div class=\"fusion-fullwidth fullwidth-box fusion-fullwidth-1  fusion-parallax-none nonhundred-percent-fullwidth\" style=\"border-color:#eae9e9;border-bottom-width: 0px;border-top-width: 0px;border-bottom-style: solid;border-top-style: solid;padding-bottom:20px;padding-top:20px;padding-left:0px;padding-right:0px;\"><style type=\"text\/css\" scoped=\"scoped\">.fusion-fullwidth-1 {\n                            padding-left: 0px !important;\n                            padding-right: 0px !important;\n                        }<\/style><div class=\"fusion-row\"><p><strong>Vorteile im \u00dcberblick:<\/strong><\/p>\n<ul>\n<li>Artikelzentrale<strong><img loading=\"lazy\" class=\"alignright\" style=\"border: 0pt none;\" title=\"WMS Warenwirtschaft\" src=\"http:\/\/sas.inceptum.de\/bilder\/wms_logo.png\" alt=\"Maskottchen_buch\" width=\"180\" height=\"125\" \/><\/strong><\/li>\n<li>variable Preisfindung im Ein- und Verkauf<\/li>\n<li>Rabattleisten<\/li>\n<li>St\u00fccklisten<\/li>\n<li>individuelle Gestaltung der Artikeldatens\u00e4tze<\/li>\n<li>Hinterlegung gesetzlicher Auflagen<\/li>\n<li>Mehrsprachig<\/li>\n<li>individuelle Lagerwirtschaft<\/li>\n<li>Chargenverwaltung<\/li>\n<li>flexible Disposition<\/li>\n<li>Hochregallager<\/li>\n<li>Alternativartikel<\/li>\n<li>Lagerstatus<\/li>\n<li>Barcodescanner<\/li>\n<li>individuelles Rabattmanagement vom Allgemeinen zum Speziellen<\/li>\n<li>komplette und <strong>zentrale<\/strong> Verwaltung aller relevanten Artikeldaten <strong>auf einen Blick<\/strong><\/li>\n<li>Bestimmung der Verkaufspreise variabel m\u00f6glich: Mengeneinteilungen, kundenspezifisch, gestaffelt, prozentualer oder wertm\u00e4\u00dfiger Aufschlag<\/li>\n<li>Einkaufspreisermittlung mengenm\u00e4\u00dfig oder \u00fcber Listenpreise<\/li>\n<li>Preise des letzten Einkaufs bei einem Lieferanten k\u00f6nnen ebenfalls zugrundegelegt werden<\/li>\n<li>kundenspezifische Artikelpreise durch unterschiedliche Konditionen, Rabattierungen (zehnstufige Mengenunterteilungen)<\/li>\n<li>\u00fcbersichtliche Gliederung der <strong>Rabattverwaltung<\/strong>: <strong>allgemeine<\/strong> Rabatte, z.B. f\u00fcr Wiederverk\u00e4ufer, Stammkunden etc., <strong>spezielle Rabattierungen<\/strong>, z.B. Kunde X bekommt auf einen bestimmten Artikel Y einen Rabatt von Z%, Wahl der <strong>Rabattart<\/strong>, z.B. additiv, degressiv oder als Ersatz f\u00fcr bereits bestehende Rabattierungen\/Aufschl\u00e4ge, Definition eigener Rabattleisten, z.B. Zuordnung bestimmter Kunden zu einer Preisnummer und eine darauf aufsetzende Rabattgew\u00e4hrung<\/li>\n<li><strong>mehrstufige St\u00fccklistenerstellung<\/strong>, z.B. bei Baugruppen<\/li>\n<li>alle <strong>Freiheiten<\/strong> bei der Eingabe der Artikeldatens\u00e4tze: Artikelnummern <strong>alphanumerisch oder numerisch<\/strong>, nat\u00fcrlich auch automatisch generiert, von interner Kurzbezeichnung <strong>abweichende<\/strong> Positionstexte, <strong>Artikelbindung<\/strong> an spez. Kunden m\u00f6glich, <strong>Ber\u00fccksichtigung spezieller gesetzl. Vorschriften<\/strong>, z.B. <strong>Gefahrgutverordnung<\/strong> oder <strong>Medizinproduktegesetz<\/strong>, durch Hinterlegung der entsprechenden Informationen und m\u00f6glichem Andruck bei Lieferscheinen oder sonstigen Belegen, Hinterlegen von <strong>fremdsprachlichen<\/strong> Artikelbezeichnungen und Positionstexten f\u00fcr internationale Kunden, M\u00f6glichkeit zur <strong>\u00dcbernahme der Artikelnummern und \u2013bezeichnungen<\/strong> des Kunden<\/li>\n<li>Abbildung der bereits <strong>vorhandenen<\/strong> Lagerwirtschaft<\/li>\n<li>Aufbau und\/oder Implementierungsm\u00f6glichkeiten <strong>au\u00dferhalb des Standardlagers<\/strong><\/li>\n<li>Chargenverwaltung u.a. mit Schmelzanalysen, Pr\u00fcfzeugnisse, <strong>Mindesthaltbarkeitsverwaltung, Chargenr\u00fcckverfolgung<\/strong><\/li>\n<li>\u00dcbernahme der <strong>kompletten Disposition<\/strong> z.B. nach festem Bestellrhytmus<strong>, <\/strong>Meldebestand<strong>, <\/strong>manuell \u201aad hoc\u2019<\/li>\n<li><strong>Hochregallager<\/strong>-Verwaltung<\/li>\n<li>bei nicht mehr vorhandener Ware <strong>Vorschlag geeigneter Alternativen<\/strong><\/li>\n<li>Abbildung der <strong>g\u00e4ngigen Lagerstati<\/strong> wie Bestand, bestellt etc.<\/li>\n<li>Definition beliebiger <strong>eigener Stati<\/strong>, z.B. reserviert, versandfertig\/abholbereit, gesperrt, zur\u00fcckgestellt<\/li>\n<li>Beleg-\/Waren-\/Artikelerfassung durch Unterst\u00fctzung von <strong>Barcodescannern<\/strong>, z.B. bei Inventuren, zur <strong>Kommissionierung<\/strong>,<strong> <\/strong>im Wareneingang\/Versand, im PPS-Bereich etc.<\/li>\n<\/ul>\n<\/div><\/div>\n","protected":false},"excerpt":{"rendered":"","protected":false},"author":8,"featured_media":0,"parent":12172,"menu_order":0,"comment_status":"closed","ping_status":"closed","template":"","meta":[],"yoast_head":"<!-- This site is optimized with the Yoast SEO plugin v15.9 - https:\/\/yoast.com\/wordpress\/plugins\/seo\/ -->\n<title>Warenwirtschaft - Inceptum DV-L\u00f6sungen GmbH<\/title>\n<meta name=\"robots\" content=\"index, follow, max-snippet:-1, max-image-preview:large, max-video-preview:-1\" \/>\n<link rel=\"canonical\" href=\"https:\/\/inceptum.de\/dvl\/loesungen\/erp\/inceptum-wms\/warenwirtschaft\/\" \/>\n<meta property=\"og:locale\" content=\"de_DE\" \/>\n<meta property=\"og:type\" content=\"article\" \/>\n<meta property=\"og:title\" content=\"Warenwirtschaft - Inceptum DV-L\u00f6sungen GmbH\" \/>\n<meta property=\"og:url\" content=\"https:\/\/inceptum.de\/dvl\/loesungen\/erp\/inceptum-wms\/warenwirtschaft\/\" \/>\n<meta property=\"og:site_name\" content=\"Inceptum DV-L\u00f6sungen GmbH\" \/>\n<meta property=\"og:image\" content=\"http:\/\/sas.inceptum.de\/bilder\/wms_logo.png\" \/>\n<meta name=\"twitter:card\" content=\"summary\" \/>\n<meta name=\"twitter:label1\" content=\"Gesch\u00e4tzte Lesezeit\">\n\t<meta name=\"twitter:data1\" content=\"2\u00a0Minuten\">\n<script type=\"application\/ld+json\" class=\"yoast-schema-graph\">{\"@context\":\"https:\/\/schema.org\",\"@graph\":[{\"@type\":\"Organization\",\"@id\":\"https:\/\/inceptum.de\/dvl\/#organization\",\"name\":\"Inceptum DV-L\\u00f6sungen GmbH\",\"url\":\"https:\/\/inceptum.de\/dvl\/\",\"sameAs\":[],\"logo\":{\"@type\":\"ImageObject\",\"@id\":\"https:\/\/inceptum.de\/dvl\/#logo\",\"inLanguage\":\"de\",\"url\":\"https:\/\/inceptum.de\/dvl\/wp-content\/uploads\/2015\/09\/Logo_blau.png\",\"width\":2897,\"height\":781,\"caption\":\"Inceptum DV-L\\u00f6sungen GmbH\"},\"image\":{\"@id\":\"https:\/\/inceptum.de\/dvl\/#logo\"}},{\"@type\":\"WebSite\",\"@id\":\"https:\/\/inceptum.de\/dvl\/#website\",\"url\":\"https:\/\/inceptum.de\/dvl\/\",\"name\":\"Inceptum DV-L\\u00f6sungen GmbH\",\"description\":\"Kaufm\\u00e4nnische Softwarel\\u00f6sungen f\\u00fcr den Mittelstand\",\"publisher\":{\"@id\":\"https:\/\/inceptum.de\/dvl\/#organization\"},\"potentialAction\":[{\"@type\":\"SearchAction\",\"target\":\"https:\/\/inceptum.de\/dvl\/?s={search_term_string}\",\"query-input\":\"required name=search_term_string\"}],\"inLanguage\":\"de\"},{\"@type\":\"ImageObject\",\"@id\":\"https:\/\/inceptum.de\/dvl\/loesungen\/erp\/inceptum-wms\/warenwirtschaft\/#primaryimage\",\"inLanguage\":\"de\",\"url\":\"http:\/\/sas.inceptum.de\/bilder\/wms_logo.png\"},{\"@type\":\"WebPage\",\"@id\":\"https:\/\/inceptum.de\/dvl\/loesungen\/erp\/inceptum-wms\/warenwirtschaft\/#webpage\",\"url\":\"https:\/\/inceptum.de\/dvl\/loesungen\/erp\/inceptum-wms\/warenwirtschaft\/\",\"name\":\"Warenwirtschaft - Inceptum DV-L\\u00f6sungen GmbH\",\"isPartOf\":{\"@id\":\"https:\/\/inceptum.de\/dvl\/#website\"},\"primaryImageOfPage\":{\"@id\":\"https:\/\/inceptum.de\/dvl\/loesungen\/erp\/inceptum-wms\/warenwirtschaft\/#primaryimage\"},\"datePublished\":\"2015-11-04T13:33:28+00:00\",\"dateModified\":\"2015-11-04T13:33:28+00:00\",\"breadcrumb\":{\"@id\":\"https:\/\/inceptum.de\/dvl\/loesungen\/erp\/inceptum-wms\/warenwirtschaft\/#breadcrumb\"},\"inLanguage\":\"de\",\"potentialAction\":[{\"@type\":\"ReadAction\",\"target\":[\"https:\/\/inceptum.de\/dvl\/loesungen\/erp\/inceptum-wms\/warenwirtschaft\/\"]}]},{\"@type\":\"BreadcrumbList\",\"@id\":\"https:\/\/inceptum.de\/dvl\/loesungen\/erp\/inceptum-wms\/warenwirtschaft\/#breadcrumb\",\"itemListElement\":[{\"@type\":\"ListItem\",\"position\":1,\"item\":{\"@type\":\"WebPage\",\"@id\":\"https:\/\/inceptum.de\/dvl\/\",\"url\":\"https:\/\/inceptum.de\/dvl\/\",\"name\":\"Home\"}},{\"@type\":\"ListItem\",\"position\":2,\"item\":{\"@type\":\"WebPage\",\"@id\":\"https:\/\/inceptum.de\/dvl\/loesungen\/\",\"url\":\"https:\/\/inceptum.de\/dvl\/loesungen\/\",\"name\":\"L\\u00f6sungen\"}},{\"@type\":\"ListItem\",\"position\":3,\"item\":{\"@type\":\"WebPage\",\"@id\":\"https:\/\/inceptum.de\/dvl\/loesungen\/erp\/\",\"url\":\"https:\/\/inceptum.de\/dvl\/loesungen\/erp\/\",\"name\":\"ERP\"}},{\"@type\":\"ListItem\",\"position\":4,\"item\":{\"@type\":\"WebPage\",\"@id\":\"https:\/\/inceptum.de\/dvl\/loesungen\/erp\/inceptum-wms\/\",\"url\":\"https:\/\/inceptum.de\/dvl\/loesungen\/erp\/inceptum-wms\/\",\"name\":\"Inceptum WMS\"}},{\"@type\":\"ListItem\",\"position\":5,\"item\":{\"@type\":\"WebPage\",\"@id\":\"https:\/\/inceptum.de\/dvl\/loesungen\/erp\/inceptum-wms\/warenwirtschaft\/\",\"url\":\"https:\/\/inceptum.de\/dvl\/loesungen\/erp\/inceptum-wms\/warenwirtschaft\/\",\"name\":\"Warenwirtschaft\"}}]}]}<\/script>\n<!-- \/ Yoast SEO plugin. -->","_links":{"self":[{"href":"https:\/\/inceptum.de\/dvl\/wp-json\/wp\/v2\/pages\/12184"}],"collection":[{"href":"https:\/\/inceptum.de\/dvl\/wp-json\/wp\/v2\/pages"}],"about":[{"href":"https:\/\/inceptum.de\/dvl\/wp-json\/wp\/v2\/types\/page"}],"author":[{"embeddable":true,"href":"https:\/\/inceptum.de\/dvl\/wp-json\/wp\/v2\/users\/8"}],"replies":[{"embeddable":true,"href":"https:\/\/inceptum.de\/dvl\/wp-json\/wp\/v2\/comments?post=12184"}],"version-history":[{"count":1,"href":"https:\/\/inceptum.de\/dvl\/wp-json\/wp\/v2\/pages\/12184\/revisions"}],"predecessor-version":[{"id":12185,"href":"https:\/\/inceptum.de\/dvl\/wp-json\/wp\/v2\/pages\/12184\/revisions\/12185"}],"up":[{"embeddable":true,"href":"https:\/\/inceptum.de\/dvl\/wp-json\/wp\/v2\/pages\/12172"}],"wp:attachment":[{"href":"https:\/\/inceptum.de\/dvl\/wp-json\/wp\/v2\/media?parent=12184"}],"curies":[{"name":"wp","href":"https:\/\/api.w.org\/{rel}","templated":true}]}}