{"id":12148,"date":"2015-11-04T13:16:16","date_gmt":"2015-11-04T13:16:16","guid":{"rendered":"http:\/\/inceptum.de\/dvl\/?page_id=12148"},"modified":"2016-10-12T14:30:47","modified_gmt":"2016-10-12T14:30:47","slug":"sage-personalmanagement","status":"publish","type":"page","link":"https:\/\/inceptum.de\/dvl\/loesungen\/personalwesen\/sage-personalmanagement\/","title":{"rendered":"Personalentwicklung"},"content":{"rendered":"<div class=\"fusion-fullwidth fullwidth-box fusion-fullwidth-1  fusion-parallax-none nonhundred-percent-fullwidth\" style=\"border-color:#eae9e9;border-bottom-width: 0px;border-top-width: 0px;border-bottom-style: solid;border-top-style: solid;padding-bottom:20px;padding-top:20px;padding-left:0px;padding-right:0px;\"><style type=\"text\/css\" scoped=\"scoped\">.fusion-fullwidth-1 {\n                            padding-left: 0px !important;\n                            padding-right: 0px !important;\n                        }<\/style><div class=\"fusion-row\"><h2 class=\"margin-20\">Entwickeln Sie die Kompetenzen Ihrer Mitarbeiter.<br \/>\nNachhaltig, \u00fcbersichtlich, erfolgreich<\/h2>\n<ul class=\"bullet\">\n<li><strong>Einfache Personalentwicklung<\/strong> Identifizieren Sie Kompetenz- und Qualifikationsdefizite und planen Sie systematisch Karriereschritte f\u00fcr Ihre Mitarbeiter.<\/li>\n<li><strong>Professionelles Seminarmanagement<\/strong>: Organisieren Sie Ihre internen und externen Weiterbildungsveranstaltungen transparent und einfach.<\/li>\n<li><strong>Mitarbeiter einbeziehen<\/strong>: Nutzen Sie das HR Portal und erledigen Sie das gesamte Antrags- und Genehmigungswesen ganz einfach \u00fcber Ihr Intranet.<\/li>\n<li><strong>Mehr Kontrolle<\/strong>: Schaffen Sie sich mehr Kosten- und Budgetkontrolle f\u00fcr Ihre Weiterbildungsma\u00dfnahmen.<\/li>\n<li><strong>Strategische Kompetenzanalyse<\/strong>: Stellen Sie die Kompetenzen Ihrer Mitarbeiter Ihren Unternehmenszielen gegen\u00fcber. Was ben\u00f6tigen Sie an Kompetenzen, was liegt schon vor, f\u00fcr welche zuk\u00fcnftigen Aufgaben m\u00fcssen neue Kompetenzen entwickelt werden?<\/li>\n<li><strong>Entwickeln Sie Ihr Personal strategisch durch Mitarbeitergespr\u00e4che und Feedback<\/strong>: Sie bewerten gemeinsam mit Ihren Mitarbeitern und F\u00fchrungskr\u00e4ften den Erfolg von Entwicklungs- und Weiterbildungsma\u00dfnahmen im HR Portal. Ihre F\u00fchrungskr\u00e4fte und Sie halten die Gespr\u00e4chsergebnisse und getroffenen Vereinbarungen fest, die (Weiterbildungs-) Ziele bleiben so im Fokus der F\u00fchrungskr\u00e4fte und Mitarbeiter.<\/li>\n<\/ul>\n<p><img loading=\"lazy\" class=\"aligncenter wp-image-12354 size-full\" src=\"http:\/\/inceptum.de\/dvl\/wp-content\/uploads\/2015\/11\/personalentwicklung.png\" alt=\"Sage_Personalentwicklung\" width=\"788\" height=\"432\" srcset=\"https:\/\/inceptum.de\/dvl\/wp-content\/uploads\/2015\/11\/personalentwicklung.png 788w, https:\/\/inceptum.de\/dvl\/wp-content\/uploads\/2015\/11\/personalentwicklung-300x164.png 300w, https:\/\/inceptum.de\/dvl\/wp-content\/uploads\/2015\/11\/personalentwicklung-768x421.png 768w\" sizes=\"(max-width: 788px) 100vw, 788px\" \/><\/p>\n<\/div><\/div>\n","protected":false},"excerpt":{"rendered":"","protected":false},"author":8,"featured_media":0,"parent":12135,"menu_order":0,"comment_status":"closed","ping_status":"closed","template":"","meta":[],"yoast_head":"<!-- This site is optimized with the Yoast SEO plugin v15.9 - https:\/\/yoast.com\/wordpress\/plugins\/seo\/ -->\n<title>Personalentwicklung - Inceptum DV-L\u00f6sungen GmbH<\/title>\n<meta name=\"robots\" content=\"index, follow, max-snippet:-1, max-image-preview:large, max-video-preview:-1\" \/>\n<link rel=\"canonical\" href=\"https:\/\/inceptum.de\/dvl\/loesungen\/personalwesen\/sage-personalmanagement\/\" \/>\n<meta property=\"og:locale\" content=\"de_DE\" \/>\n<meta property=\"og:type\" content=\"article\" \/>\n<meta property=\"og:title\" content=\"Personalentwicklung - Inceptum DV-L\u00f6sungen GmbH\" \/>\n<meta property=\"og:url\" content=\"https:\/\/inceptum.de\/dvl\/loesungen\/personalwesen\/sage-personalmanagement\/\" \/>\n<meta property=\"og:site_name\" content=\"Inceptum DV-L\u00f6sungen GmbH\" \/>\n<meta property=\"article:modified_time\" content=\"2016-10-12T14:30:47+00:00\" \/>\n<meta property=\"og:image\" content=\"http:\/\/inceptum.de\/dvl\/wp-content\/uploads\/2015\/11\/personalentwicklung.png\" \/>\n<meta name=\"twitter:card\" content=\"summary\" \/>\n<meta name=\"twitter:label1\" content=\"Gesch\u00e4tzte Lesezeit\">\n\t<meta name=\"twitter:data1\" content=\"1\u00a0Minute\">\n<script type=\"application\/ld+json\" class=\"yoast-schema-graph\">{\"@context\":\"https:\/\/schema.org\",\"@graph\":[{\"@type\":\"Organization\",\"@id\":\"https:\/\/inceptum.de\/dvl\/#organization\",\"name\":\"Inceptum DV-L\\u00f6sungen GmbH\",\"url\":\"https:\/\/inceptum.de\/dvl\/\",\"sameAs\":[],\"logo\":{\"@type\":\"ImageObject\",\"@id\":\"https:\/\/inceptum.de\/dvl\/#logo\",\"inLanguage\":\"de\",\"url\":\"https:\/\/inceptum.de\/dvl\/wp-content\/uploads\/2015\/09\/Logo_blau.png\",\"width\":2897,\"height\":781,\"caption\":\"Inceptum DV-L\\u00f6sungen GmbH\"},\"image\":{\"@id\":\"https:\/\/inceptum.de\/dvl\/#logo\"}},{\"@type\":\"WebSite\",\"@id\":\"https:\/\/inceptum.de\/dvl\/#website\",\"url\":\"https:\/\/inceptum.de\/dvl\/\",\"name\":\"Inceptum DV-L\\u00f6sungen GmbH\",\"description\":\"Kaufm\\u00e4nnische Softwarel\\u00f6sungen f\\u00fcr den Mittelstand\",\"publisher\":{\"@id\":\"https:\/\/inceptum.de\/dvl\/#organization\"},\"potentialAction\":[{\"@type\":\"SearchAction\",\"target\":\"https:\/\/inceptum.de\/dvl\/?s={search_term_string}\",\"query-input\":\"required name=search_term_string\"}],\"inLanguage\":\"de\"},{\"@type\":\"ImageObject\",\"@id\":\"https:\/\/inceptum.de\/dvl\/loesungen\/personalwesen\/sage-personalmanagement\/#primaryimage\",\"inLanguage\":\"de\",\"url\":\"http:\/\/inceptum.de\/dvl\/wp-content\/uploads\/2015\/11\/personalentwicklung.png\"},{\"@type\":\"WebPage\",\"@id\":\"https:\/\/inceptum.de\/dvl\/loesungen\/personalwesen\/sage-personalmanagement\/#webpage\",\"url\":\"https:\/\/inceptum.de\/dvl\/loesungen\/personalwesen\/sage-personalmanagement\/\",\"name\":\"Personalentwicklung - Inceptum DV-L\\u00f6sungen GmbH\",\"isPartOf\":{\"@id\":\"https:\/\/inceptum.de\/dvl\/#website\"},\"primaryImageOfPage\":{\"@id\":\"https:\/\/inceptum.de\/dvl\/loesungen\/personalwesen\/sage-personalmanagement\/#primaryimage\"},\"datePublished\":\"2015-11-04T13:16:16+00:00\",\"dateModified\":\"2016-10-12T14:30:47+00:00\",\"breadcrumb\":{\"@id\":\"https:\/\/inceptum.de\/dvl\/loesungen\/personalwesen\/sage-personalmanagement\/#breadcrumb\"},\"inLanguage\":\"de\",\"potentialAction\":[{\"@type\":\"ReadAction\",\"target\":[\"https:\/\/inceptum.de\/dvl\/loesungen\/personalwesen\/sage-personalmanagement\/\"]}]},{\"@type\":\"BreadcrumbList\",\"@id\":\"https:\/\/inceptum.de\/dvl\/loesungen\/personalwesen\/sage-personalmanagement\/#breadcrumb\",\"itemListElement\":[{\"@type\":\"ListItem\",\"position\":1,\"item\":{\"@type\":\"WebPage\",\"@id\":\"https:\/\/inceptum.de\/dvl\/\",\"url\":\"https:\/\/inceptum.de\/dvl\/\",\"name\":\"Home\"}},{\"@type\":\"ListItem\",\"position\":2,\"item\":{\"@type\":\"WebPage\",\"@id\":\"https:\/\/inceptum.de\/dvl\/loesungen\/\",\"url\":\"https:\/\/inceptum.de\/dvl\/loesungen\/\",\"name\":\"L\\u00f6sungen\"}},{\"@type\":\"ListItem\",\"position\":3,\"item\":{\"@type\":\"WebPage\",\"@id\":\"https:\/\/inceptum.de\/dvl\/loesungen\/personalwesen\/\",\"url\":\"https:\/\/inceptum.de\/dvl\/loesungen\/personalwesen\/\",\"name\":\"Personalwesen\"}},{\"@type\":\"ListItem\",\"position\":4,\"item\":{\"@type\":\"WebPage\",\"@id\":\"https:\/\/inceptum.de\/dvl\/loesungen\/personalwesen\/sage-personalmanagement\/\",\"url\":\"https:\/\/inceptum.de\/dvl\/loesungen\/personalwesen\/sage-personalmanagement\/\",\"name\":\"Personalentwicklung\"}}]}]}<\/script>\n<!-- \/ Yoast SEO plugin. -->","_links":{"self":[{"href":"https:\/\/inceptum.de\/dvl\/wp-json\/wp\/v2\/pages\/12148"}],"collection":[{"href":"https:\/\/inceptum.de\/dvl\/wp-json\/wp\/v2\/pages"}],"about":[{"href":"https:\/\/inceptum.de\/dvl\/wp-json\/wp\/v2\/types\/page"}],"author":[{"embeddable":true,"href":"https:\/\/inceptum.de\/dvl\/wp-json\/wp\/v2\/users\/8"}],"replies":[{"embeddable":true,"href":"https:\/\/inceptum.de\/dvl\/wp-json\/wp\/v2\/comments?post=12148"}],"version-history":[{"count":3,"href":"https:\/\/inceptum.de\/dvl\/wp-json\/wp\/v2\/pages\/12148\/revisions"}],"predecessor-version":[{"id":12376,"href":"https:\/\/inceptum.de\/dvl\/wp-json\/wp\/v2\/pages\/12148\/revisions\/12376"}],"up":[{"embeddable":true,"href":"https:\/\/inceptum.de\/dvl\/wp-json\/wp\/v2\/pages\/12135"}],"wp:attachment":[{"href":"https:\/\/inceptum.de\/dvl\/wp-json\/wp\/v2\/media?parent=12148"}],"curies":[{"name":"wp","href":"https:\/\/api.w.org\/{rel}","templated":true}]}}