{"id":12144,"date":"2015-11-04T13:14:18","date_gmt":"2015-11-04T13:14:18","guid":{"rendered":"http:\/\/inceptum.de\/dvl\/?page_id=12144"},"modified":"2016-10-12T14:23:35","modified_gmt":"2016-10-12T14:23:35","slug":"sage-personalabrechnung","status":"publish","type":"page","link":"https:\/\/inceptum.de\/dvl\/loesungen\/personalwesen\/sage-personalabrechnung\/","title":{"rendered":"Personalabrechnung"},"content":{"rendered":"<div class=\"fusion-fullwidth fullwidth-box fusion-fullwidth-1  fusion-parallax-none nonhundred-percent-fullwidth\" style=\"border-color:#eae9e9;border-bottom-width: 0px;border-top-width: 0px;border-bottom-style: solid;border-top-style: solid;padding-bottom:20px;padding-top:20px;padding-left:0px;padding-right:0px;\"><style type=\"text\/css\" scoped=\"scoped\">.fusion-fullwidth-1 {\n                            padding-left: 0px !important;\n                            padding-right: 0px !important;\n                        }<\/style><div class=\"fusion-row\"><h2 class=\"margin-20\">Rechnen Sie Ihre L\u00f6hne und Geh\u00e4lter.<br \/>\nGesetzlich aktuell, p\u00fcnktlich, fehlerfrei<\/h2>\n<ul class=\"bullet\">\n<li><strong>Einfache Abrechnung<\/strong>: Rechnen Sie auch komplexe Abrechnungsf\u00e4lle wie Altersteilzeit, Zuschl\u00e4ge, Kurzarbeit, Versorgungsbez\u00fcge, betriebliche Altersvorsorge usw. einfach und sicher ab.<\/li>\n<li><strong>Sicherheit bei elektronischen Meldungen<\/strong>: Sparen Sie Zeit und Kosten und bringen mehr Transparenz in Ihre Abrechnung sowie Ihr Meldewesen.<\/li>\n<li><strong>Bessere \u00dcbersicht<\/strong>: Nutzen Sie vielf\u00e4ltige Reports und Auswertungen f\u00fcr ein aussagekr\u00e4ftiges Controlling all Ihrer Abrechnungs- und Meldedaten<\/li>\n<li><strong>Vereinfachen Sie Ihre Abrechnung<\/strong>: Mit integrierten Assistenten, Pr\u00fcfl\u00e4ufen und Plausibilit\u00e4tspr\u00fcfungen vermeiden Sie fehlerhafte Eingaben und Unstimmigkeiten in den Abrechnungsl\u00e4ufen.<\/li>\n<li><strong>Branchenspezifische Tarifwerke und Gesetzesgrundlagen<\/strong>: Alle relevanten Tarifwerke und Gesetze in Deutschland werden abgebildet. Sie erhalten u.a. eine L\u00f6sung f\u00fcr Tarifwerke des \u00d6ffentlichen Dienstes, des Gesundheitswesens, des Bauwesens oder die verschiedenen Dienstleistungsbranchen.<\/li>\n<li><strong>Profitieren Sie von unseren Erfahrungen mit \u00fcber 2 Millionen Lohnabrechnungen pro Monat<\/strong>: Sage HR Payroll wird inzwischen von \u00fcber 10.000 Kunden in Deutschland eingesetzt. Sie profitieren von ihren Erfahrungen und unserem Know-How und erhalten eine der ausgereiftesten und modernsten Lohnl\u00f6sungen in Deutschland.<\/li>\n<\/ul>\n<p style=\"text-align: center;\">\n<\/div><\/div><p><img loading=\"lazy\" class=\"aligncenter wp-image-12358 size-full\" src=\"http:\/\/inceptum.de\/dvl\/wp-content\/uploads\/2015\/11\/screentour1_payroll.png\" alt=\"Sage_Personalabrechnung\" width=\"788\" height=\"431\" srcset=\"https:\/\/inceptum.de\/dvl\/wp-content\/uploads\/2015\/11\/screentour1_payroll.png 788w, https:\/\/inceptum.de\/dvl\/wp-content\/uploads\/2015\/11\/screentour1_payroll-300x164.png 300w, https:\/\/inceptum.de\/dvl\/wp-content\/uploads\/2015\/11\/screentour1_payroll-768x420.png 768w\" sizes=\"(max-width: 788px) 100vw, 788px\" \/><\/p>\n\n","protected":false},"excerpt":{"rendered":"","protected":false},"author":8,"featured_media":0,"parent":12135,"menu_order":0,"comment_status":"closed","ping_status":"closed","template":"","meta":[],"yoast_head":"<!-- This site is optimized with the Yoast SEO plugin v15.9 - https:\/\/yoast.com\/wordpress\/plugins\/seo\/ -->\n<title>Personalabrechnung - Inceptum DV-L\u00f6sungen GmbH<\/title>\n<meta name=\"robots\" content=\"index, follow, max-snippet:-1, max-image-preview:large, max-video-preview:-1\" \/>\n<link rel=\"canonical\" href=\"https:\/\/inceptum.de\/dvl\/loesungen\/personalwesen\/sage-personalabrechnung\/\" \/>\n<meta property=\"og:locale\" content=\"de_DE\" \/>\n<meta property=\"og:type\" content=\"article\" \/>\n<meta property=\"og:title\" content=\"Personalabrechnung - Inceptum DV-L\u00f6sungen GmbH\" \/>\n<meta property=\"og:url\" content=\"https:\/\/inceptum.de\/dvl\/loesungen\/personalwesen\/sage-personalabrechnung\/\" \/>\n<meta property=\"og:site_name\" content=\"Inceptum DV-L\u00f6sungen GmbH\" \/>\n<meta property=\"article:modified_time\" content=\"2016-10-12T14:23:35+00:00\" \/>\n<meta property=\"og:image\" content=\"http:\/\/inceptum.de\/dvl\/wp-content\/uploads\/2015\/11\/screentour1_payroll.png\" \/>\n<meta name=\"twitter:card\" content=\"summary\" \/>\n<meta name=\"twitter:label1\" content=\"Gesch\u00e4tzte Lesezeit\">\n\t<meta name=\"twitter:data1\" content=\"1\u00a0Minute\">\n<script type=\"application\/ld+json\" class=\"yoast-schema-graph\">{\"@context\":\"https:\/\/schema.org\",\"@graph\":[{\"@type\":\"Organization\",\"@id\":\"https:\/\/inceptum.de\/dvl\/#organization\",\"name\":\"Inceptum DV-L\\u00f6sungen GmbH\",\"url\":\"https:\/\/inceptum.de\/dvl\/\",\"sameAs\":[],\"logo\":{\"@type\":\"ImageObject\",\"@id\":\"https:\/\/inceptum.de\/dvl\/#logo\",\"inLanguage\":\"de\",\"url\":\"https:\/\/inceptum.de\/dvl\/wp-content\/uploads\/2015\/09\/Logo_blau.png\",\"width\":2897,\"height\":781,\"caption\":\"Inceptum DV-L\\u00f6sungen GmbH\"},\"image\":{\"@id\":\"https:\/\/inceptum.de\/dvl\/#logo\"}},{\"@type\":\"WebSite\",\"@id\":\"https:\/\/inceptum.de\/dvl\/#website\",\"url\":\"https:\/\/inceptum.de\/dvl\/\",\"name\":\"Inceptum DV-L\\u00f6sungen GmbH\",\"description\":\"Kaufm\\u00e4nnische Softwarel\\u00f6sungen f\\u00fcr den Mittelstand\",\"publisher\":{\"@id\":\"https:\/\/inceptum.de\/dvl\/#organization\"},\"potentialAction\":[{\"@type\":\"SearchAction\",\"target\":\"https:\/\/inceptum.de\/dvl\/?s={search_term_string}\",\"query-input\":\"required name=search_term_string\"}],\"inLanguage\":\"de\"},{\"@type\":\"ImageObject\",\"@id\":\"https:\/\/inceptum.de\/dvl\/loesungen\/personalwesen\/sage-personalabrechnung\/#primaryimage\",\"inLanguage\":\"de\",\"url\":\"http:\/\/inceptum.de\/dvl\/wp-content\/uploads\/2015\/11\/screentour1_payroll.png\"},{\"@type\":\"WebPage\",\"@id\":\"https:\/\/inceptum.de\/dvl\/loesungen\/personalwesen\/sage-personalabrechnung\/#webpage\",\"url\":\"https:\/\/inceptum.de\/dvl\/loesungen\/personalwesen\/sage-personalabrechnung\/\",\"name\":\"Personalabrechnung - Inceptum DV-L\\u00f6sungen GmbH\",\"isPartOf\":{\"@id\":\"https:\/\/inceptum.de\/dvl\/#website\"},\"primaryImageOfPage\":{\"@id\":\"https:\/\/inceptum.de\/dvl\/loesungen\/personalwesen\/sage-personalabrechnung\/#primaryimage\"},\"datePublished\":\"2015-11-04T13:14:18+00:00\",\"dateModified\":\"2016-10-12T14:23:35+00:00\",\"breadcrumb\":{\"@id\":\"https:\/\/inceptum.de\/dvl\/loesungen\/personalwesen\/sage-personalabrechnung\/#breadcrumb\"},\"inLanguage\":\"de\",\"potentialAction\":[{\"@type\":\"ReadAction\",\"target\":[\"https:\/\/inceptum.de\/dvl\/loesungen\/personalwesen\/sage-personalabrechnung\/\"]}]},{\"@type\":\"BreadcrumbList\",\"@id\":\"https:\/\/inceptum.de\/dvl\/loesungen\/personalwesen\/sage-personalabrechnung\/#breadcrumb\",\"itemListElement\":[{\"@type\":\"ListItem\",\"position\":1,\"item\":{\"@type\":\"WebPage\",\"@id\":\"https:\/\/inceptum.de\/dvl\/\",\"url\":\"https:\/\/inceptum.de\/dvl\/\",\"name\":\"Home\"}},{\"@type\":\"ListItem\",\"position\":2,\"item\":{\"@type\":\"WebPage\",\"@id\":\"https:\/\/inceptum.de\/dvl\/loesungen\/\",\"url\":\"https:\/\/inceptum.de\/dvl\/loesungen\/\",\"name\":\"L\\u00f6sungen\"}},{\"@type\":\"ListItem\",\"position\":3,\"item\":{\"@type\":\"WebPage\",\"@id\":\"https:\/\/inceptum.de\/dvl\/loesungen\/personalwesen\/\",\"url\":\"https:\/\/inceptum.de\/dvl\/loesungen\/personalwesen\/\",\"name\":\"Personalwesen\"}},{\"@type\":\"ListItem\",\"position\":4,\"item\":{\"@type\":\"WebPage\",\"@id\":\"https:\/\/inceptum.de\/dvl\/loesungen\/personalwesen\/sage-personalabrechnung\/\",\"url\":\"https:\/\/inceptum.de\/dvl\/loesungen\/personalwesen\/sage-personalabrechnung\/\",\"name\":\"Personalabrechnung\"}}]}]}<\/script>\n<!-- \/ Yoast SEO plugin. -->","_links":{"self":[{"href":"https:\/\/inceptum.de\/dvl\/wp-json\/wp\/v2\/pages\/12144"}],"collection":[{"href":"https:\/\/inceptum.de\/dvl\/wp-json\/wp\/v2\/pages"}],"about":[{"href":"https:\/\/inceptum.de\/dvl\/wp-json\/wp\/v2\/types\/page"}],"author":[{"embeddable":true,"href":"https:\/\/inceptum.de\/dvl\/wp-json\/wp\/v2\/users\/8"}],"replies":[{"embeddable":true,"href":"https:\/\/inceptum.de\/dvl\/wp-json\/wp\/v2\/comments?post=12144"}],"version-history":[{"count":7,"href":"https:\/\/inceptum.de\/dvl\/wp-json\/wp\/v2\/pages\/12144\/revisions"}],"predecessor-version":[{"id":12371,"href":"https:\/\/inceptum.de\/dvl\/wp-json\/wp\/v2\/pages\/12144\/revisions\/12371"}],"up":[{"embeddable":true,"href":"https:\/\/inceptum.de\/dvl\/wp-json\/wp\/v2\/pages\/12135"}],"wp:attachment":[{"href":"https:\/\/inceptum.de\/dvl\/wp-json\/wp\/v2\/media?parent=12144"}],"curies":[{"name":"wp","href":"https:\/\/api.w.org\/{rel}","templated":true}]}}