{"id":12130,"date":"2015-11-04T12:55:47","date_gmt":"2015-11-04T12:55:47","guid":{"rendered":"http:\/\/inceptum.de\/dvl\/?page_id=12130"},"modified":"2015-11-04T12:55:47","modified_gmt":"2015-11-04T12:55:47","slug":"it-unternehmensberatung","status":"publish","type":"page","link":"https:\/\/inceptum.de\/dvl\/loesungen\/it-unternehmensberatung\/","title":{"rendered":"IT-Unternehmensberatung"},"content":{"rendered":"<div class=\"fusion-fullwidth fullwidth-box fusion-fullwidth-1  fusion-parallax-none nonhundred-percent-fullwidth\" style=\"border-color:#eae9e9;border-bottom-width: 0px;border-top-width: 0px;border-bottom-style: solid;border-top-style: solid;padding-bottom:20px;padding-top:20px;padding-left:0px;padding-right:0px;\"><style type=\"text\/css\" scoped=\"scoped\">.fusion-fullwidth-1 {\n                            padding-left: 0px !important;\n                            padding-right: 0px !important;\n                        }<\/style><div class=\"fusion-row\"><p>Als IT-Unternehmensberater bieten wir Ihnen f\u00fcr die Umsetzung Ihrer Projekte:<\/p>\n<ul>\n<li><strong>Professionelles Projektmanagement<\/strong><br \/>\nLangj\u00e4hrige Erfahrungen bei der Auswahl und Einf\u00fchrung von ERP-Standardsoftware in unterschiedlichsten Unternehmen und Branchen. Wir analysieren Ihre Gesch\u00e4ftsprozesse und Anforderungen, unterst\u00fctzen Sie daraufhin bei der ERP-Softwareauswahl und begleiten kompetent die Softwareinf\u00fchrung als Projektleiter bzw. Projektmanager.<\/li>\n<li><strong>Excellentes Know-how<\/strong> der Gesch\u00e4ftsprozesse in unterschiedlichsten Branchen in Fertigungs- Handels- und Dienstleistungsunternehmen.<\/li>\n<li><strong>Fundiertes Fachwissen<\/strong>\u00a0in mehreren ERP-Standardsoftwaresystemen in den Bereichen Finanzwesen, Personalwesen, Bewertungsmethoden, Inventurverfahren, Kalkulationsverfahren, Controlling\/Kostenrechnung, Materialwirtschaft mit Einkauf, Lager, Vertrieb sowie bei der Einf\u00fchrung von E-Business L\u00f6sungen.<\/li>\n<\/ul>\n<p>Durch die Zusammenarbeit mit verschiedenen Partnerunternehmen bieten wir zus\u00e4tzlich ein breites Spektrum von Leistungen an.<\/p>\n<\/div><\/div>\n","protected":false},"excerpt":{"rendered":"","protected":false},"author":8,"featured_media":0,"parent":12123,"menu_order":0,"comment_status":"closed","ping_status":"closed","template":"","meta":[],"yoast_head":"<!-- This site is optimized with the Yoast SEO plugin v15.9 - https:\/\/yoast.com\/wordpress\/plugins\/seo\/ -->\n<title>IT-Unternehmensberatung - Inceptum DV-L\u00f6sungen GmbH<\/title>\n<meta name=\"robots\" content=\"index, follow, max-snippet:-1, max-image-preview:large, max-video-preview:-1\" \/>\n<link rel=\"canonical\" href=\"https:\/\/inceptum.de\/dvl\/loesungen\/it-unternehmensberatung\/\" \/>\n<meta property=\"og:locale\" content=\"de_DE\" \/>\n<meta property=\"og:type\" content=\"article\" \/>\n<meta property=\"og:title\" content=\"IT-Unternehmensberatung - Inceptum DV-L\u00f6sungen GmbH\" \/>\n<meta property=\"og:url\" content=\"https:\/\/inceptum.de\/dvl\/loesungen\/it-unternehmensberatung\/\" \/>\n<meta property=\"og:site_name\" content=\"Inceptum DV-L\u00f6sungen GmbH\" \/>\n<meta name=\"twitter:card\" content=\"summary\" \/>\n<meta name=\"twitter:label1\" content=\"Gesch\u00e4tzte Lesezeit\">\n\t<meta name=\"twitter:data1\" content=\"1\u00a0Minute\">\n<script type=\"application\/ld+json\" class=\"yoast-schema-graph\">{\"@context\":\"https:\/\/schema.org\",\"@graph\":[{\"@type\":\"Organization\",\"@id\":\"https:\/\/inceptum.de\/dvl\/#organization\",\"name\":\"Inceptum DV-L\\u00f6sungen GmbH\",\"url\":\"https:\/\/inceptum.de\/dvl\/\",\"sameAs\":[],\"logo\":{\"@type\":\"ImageObject\",\"@id\":\"https:\/\/inceptum.de\/dvl\/#logo\",\"inLanguage\":\"de\",\"url\":\"https:\/\/inceptum.de\/dvl\/wp-content\/uploads\/2015\/09\/Logo_blau.png\",\"width\":2897,\"height\":781,\"caption\":\"Inceptum DV-L\\u00f6sungen GmbH\"},\"image\":{\"@id\":\"https:\/\/inceptum.de\/dvl\/#logo\"}},{\"@type\":\"WebSite\",\"@id\":\"https:\/\/inceptum.de\/dvl\/#website\",\"url\":\"https:\/\/inceptum.de\/dvl\/\",\"name\":\"Inceptum DV-L\\u00f6sungen GmbH\",\"description\":\"Kaufm\\u00e4nnische Softwarel\\u00f6sungen f\\u00fcr den Mittelstand\",\"publisher\":{\"@id\":\"https:\/\/inceptum.de\/dvl\/#organization\"},\"potentialAction\":[{\"@type\":\"SearchAction\",\"target\":\"https:\/\/inceptum.de\/dvl\/?s={search_term_string}\",\"query-input\":\"required name=search_term_string\"}],\"inLanguage\":\"de\"},{\"@type\":\"WebPage\",\"@id\":\"https:\/\/inceptum.de\/dvl\/loesungen\/it-unternehmensberatung\/#webpage\",\"url\":\"https:\/\/inceptum.de\/dvl\/loesungen\/it-unternehmensberatung\/\",\"name\":\"IT-Unternehmensberatung - Inceptum DV-L\\u00f6sungen GmbH\",\"isPartOf\":{\"@id\":\"https:\/\/inceptum.de\/dvl\/#website\"},\"datePublished\":\"2015-11-04T12:55:47+00:00\",\"dateModified\":\"2015-11-04T12:55:47+00:00\",\"breadcrumb\":{\"@id\":\"https:\/\/inceptum.de\/dvl\/loesungen\/it-unternehmensberatung\/#breadcrumb\"},\"inLanguage\":\"de\",\"potentialAction\":[{\"@type\":\"ReadAction\",\"target\":[\"https:\/\/inceptum.de\/dvl\/loesungen\/it-unternehmensberatung\/\"]}]},{\"@type\":\"BreadcrumbList\",\"@id\":\"https:\/\/inceptum.de\/dvl\/loesungen\/it-unternehmensberatung\/#breadcrumb\",\"itemListElement\":[{\"@type\":\"ListItem\",\"position\":1,\"item\":{\"@type\":\"WebPage\",\"@id\":\"https:\/\/inceptum.de\/dvl\/\",\"url\":\"https:\/\/inceptum.de\/dvl\/\",\"name\":\"Home\"}},{\"@type\":\"ListItem\",\"position\":2,\"item\":{\"@type\":\"WebPage\",\"@id\":\"https:\/\/inceptum.de\/dvl\/loesungen\/\",\"url\":\"https:\/\/inceptum.de\/dvl\/loesungen\/\",\"name\":\"L\\u00f6sungen\"}},{\"@type\":\"ListItem\",\"position\":3,\"item\":{\"@type\":\"WebPage\",\"@id\":\"https:\/\/inceptum.de\/dvl\/loesungen\/it-unternehmensberatung\/\",\"url\":\"https:\/\/inceptum.de\/dvl\/loesungen\/it-unternehmensberatung\/\",\"name\":\"IT-Unternehmensberatung\"}}]}]}<\/script>\n<!-- \/ Yoast SEO plugin. -->","_links":{"self":[{"href":"https:\/\/inceptum.de\/dvl\/wp-json\/wp\/v2\/pages\/12130"}],"collection":[{"href":"https:\/\/inceptum.de\/dvl\/wp-json\/wp\/v2\/pages"}],"about":[{"href":"https:\/\/inceptum.de\/dvl\/wp-json\/wp\/v2\/types\/page"}],"author":[{"embeddable":true,"href":"https:\/\/inceptum.de\/dvl\/wp-json\/wp\/v2\/users\/8"}],"replies":[{"embeddable":true,"href":"https:\/\/inceptum.de\/dvl\/wp-json\/wp\/v2\/comments?post=12130"}],"version-history":[{"count":1,"href":"https:\/\/inceptum.de\/dvl\/wp-json\/wp\/v2\/pages\/12130\/revisions"}],"predecessor-version":[{"id":12131,"href":"https:\/\/inceptum.de\/dvl\/wp-json\/wp\/v2\/pages\/12130\/revisions\/12131"}],"up":[{"embeddable":true,"href":"https:\/\/inceptum.de\/dvl\/wp-json\/wp\/v2\/pages\/12123"}],"wp:attachment":[{"href":"https:\/\/inceptum.de\/dvl\/wp-json\/wp\/v2\/media?parent=12130"}],"curies":[{"name":"wp","href":"https:\/\/api.w.org\/{rel}","templated":true}]}}